103211?
29, 3559
List the prime factors of 1061.
1061
List the prime factors of 17079.
3, 5693
List the prime factors of 3726.
2, 3, 23
What are the prime factors of 2708?
2, 677
What are the prime factors of 1506?
2, 3, 251
List the prime factors of 256.
2
List the prime factors of 25781.
7, 29, 127
What are the prime factors of 31641?
3, 53, 199
List the prime factors of 8344.
2, 7, 149
List the prime factors of 621.
3, 23
What are the prime factors of 2211?
3, 11, 67
What are the prime factors of 77034?
2, 3, 37, 347
List the prime factors of 2071.
19, 109
List the prime factors of 8070.
2, 3, 5, 269
List the prime factors of 2148.
2, 3, 179
List the prime factors of 568.
2, 71
What are the prime factors of 10523?
17, 619
List the prime factors of 42705.
3, 5, 13, 73
List the prime factors of 32130.
2, 3, 5, 7, 17
What are the prime factors of 196?
2, 7
What are the prime factors of 35002?
2, 11, 37, 43
List the prime factors of 877.
877
List the prime factors of 44999.
17, 2647
List the prime factors of 57515.
5, 11503
What are the prime factors of 44599?
103, 433
List the prime factors of 14642.
2, 7321
List the prime factors of 78812.
2, 17, 19, 61
List the prime factors of 32857.
11, 29, 103
What are the prime factors of 813?
3, 271
What are the prime factors of 17346?
2, 3, 7, 59
What are the prime factors of 1321?
1321
What are the prime factors of 7725?
3, 5, 103
List the prime factors of 21035.
5, 7, 601
List the prime factors of 50966.
2, 17, 1499
What are the prime factors of 74?
2, 37
List the prime factors of 83.
83
What are the prime factors of 26059?
11, 23, 103
What are the prime factors of 1872?
2, 3, 13
What are the prime factors of 5031?
3, 13, 43
List the prime factors of 33201.
3, 7, 17, 31
List the prime factors of 2322.
2, 3, 43
What are the prime factors of 16723?
7, 2389
List the prime factors of 48855.
3, 5, 3257
List the prime factors of 10078.
2, 5039
List the prime factors of 11587.
11587
What are the prime factors of 1826?
2, 11, 83
List the prime factors of 83793.
3, 17, 31, 53
What are the prime factors of 28266?
2, 3, 7, 673
List the prime factors of 641.
641
List the prime factors of 18978.
2, 3, 3163
What are the prime factors of 1610?
2, 5, 7, 23
List the prime factors of 1038.
2, 3, 173
What are the prime factors of 448?
2, 7
What are the prime factors of 369?
3, 41
List the prime factors of 521.
521
List the prime factors of 6260.
2, 5, 313
What are the prime factors of 10379?
97, 107
List the prime factors of 136.
2, 17
What are the prime factors of 11968?
2, 11, 17
What are the prime factors of 1947?
3, 11, 59
What are the prime factors of 1863?
3, 23
List the prime factors of 657.
3, 73
What are the prime factors of 1892?
2, 11, 43
What are the prime factors of 4748?
2, 1187
List the prime factors of 134838.
2, 3, 11, 227
List the prime factors of 68199.
3, 127, 179
What are the prime factors of 1015?
5, 7, 29
What are the prime factors of 3638?
2, 17, 107
List the prime factors of 3588.
2, 3, 13, 23
List the prime factors of 4323.
3, 11, 131
What are the prime factors of 2215?
5, 443
List the prime factors of 1276.
2, 11, 29
What are the prime factors of 2567?
17, 151
List the prime factors of 52829.
7, 7547
What are the prime factors of 35706?
2, 3, 11, 541
List the prime factors of 2994.
2, 3, 499
List the prime factors of 1546.
2, 773
List the prime factors of 29.
29
What are the prime factors of 56611?
56611
List the prime factors of 7516.
2, 1879
What are the prime factors of 47297?
47297
List the prime factors of 25045.
5, 5009
List the prime factors of 3930.
2, 3, 5, 131
What are the prime factors of 4517?
4517
List the prime factors of 28516.
2, 7129
List the prime factors of 266.
2, 7, 19
List the prime factors of 15543.
3, 11, 157
List the prime factors of 608.
2, 19
List the prime factors of 5686.
2, 2843
List the prime factors of 429.
3, 11, 13
What are the prime factors of 334?
2, 167
List the prime factors of 3007.
31, 97
List the prime factors of 840.
2, 3, 5, 7
List the prime factors of 21694.
2, 10847
List the prime factors of 1450.
2, 5, 29
List the prime factors of 313.
313
List the prime factors of 16260.
2, 3, 5, 271
What are the prime factors of 1487?
1487
List the prime factors of 1884.
2, 3, 157
List the prime factors of 10480.
2, 5, 131
What are the prime factors of 9646?
2, 7, 13, 53
What are the prime factors of 24665?
5, 4933
List the prime factors of 745.
5, 149
What are the prime factors of 3001?
3001
List the prime factors of 4770.
2, 3, 5, 53
What are the prime factors of 27766?
2, 13883
List the prime factors of 22640.
2, 5, 283
What are the prime factors of 30737?
7, 4391
List the prime factors of 4460.
2, 5, 223
List the prime factors of 67986.
2, 3, 1259
What are the prime factors of 3339?
3, 7, 53
List the prime factors of 267.
3, 89
What are the prime factors of 18771?
3, 6257
What are the prime factors of 1562?
2, 11, 71
What are the prime factors of 22862?
2, 7, 23, 71
List the prime factors of 32246.
2, 23, 701
What are the prime factors of 12240?
2, 3, 5, 17
What are the prime factors of 69426?
2, 3, 7, 19, 29
What are the prime factors of 6370?
2, 5, 7, 13
List the prime factors of 150004.
2, 37501
List the prime factors of 7112.
2, 7, 127
What are the prime factors of 5707?
13, 439
List the prime factors of 4914.
2, 3, 7, 13
What are the prime factors of 441?
3, 7
What are the prime factors of 1723?
1723
What are the prime factors of 48197?
48197
List the prime factors of 624.
2, 3, 13
List the prime factors of 2840.
2, 5, 71
List the prime factors of 11940.
2, 3, 5, 199
List the prime factors of 25647.
3, 83, 103
What are the prime factors of 161449?
17, 9497
What are the prime factors of 1778?
2, 7, 127
What are the prime factors of 18094?
2, 83, 109
What are the prime factors of 2331?
3, 7, 37
What are the prime factors of 1736?
2, 7, 31
List the prime factors of 7936.
2, 31
List the prime factors of 638.
2, 11, 29
List the prime factors of 6457.
11, 587
What are the prime factors of 666?
2, 3, 37
List the prime factors of 5106.
2, 3, 23, 37
List the prime factors of 2491.
47, 53
List the prime factors of 1314.
2, 3, 73
What are the prime factors of 974?
2, 487
List the prime factors of 123950.
2, 5, 37, 67
List the prime factors of 2401.
7
List the prime factors of 1553.
1553
What are the prime factors of 22447?
22447
What are the prime factors of 30555?
3, 5, 7, 97
List the prime factors of 29940.
2, 3, 5, 499
What are the prime factors of 10822?
2, 7, 773
List the prime factors of 17310.
2, 3, 5, 577
List the prime factors of 30384.
2, 3, 211
List the prime factors of 477.
3, 53
What are the prime factors of 23164?
2, 5791
What are the prime factors of 3658?
2, 31, 59
What are the prime factors of 23107?
7, 3301
What are the prime factors of 7092?
2, 3, 197
List the prime factors of 25904.
2, 1619
What are the prime factors of 437?
19, 23
List the prime factors of 4914.
2, 3, 7, 13
List the prime factors of 23275.
5, 7, 19
List the prime factors of 147786.
2, 3, 24631
List the prime factors of 614.
2, 307
List the prime factors of 1284.
2, 3, 107
List the prime factors of 1748.
2, 19, 23
What are the prime factors of 8772?
2, 3, 17, 43
List the prime factors of 2727.
3, 101
What are the prime factors of 325?
5, 13
List the prime factors of 109136.
2, 19, 359
List the prime factors of 16214.
2, 11, 67
What are the prime factors of 1439?
1439
List the prime factors of 1048.
2, 131
What are the prime factors of 1199?
11, 109
What are the prime factors of 2402?
2, 1201
List the prime factors of 8664.
2, 3, 19
What are the prime factors of 4272?
2, 3, 89
What are the prime factors of 151627?
7, 21661
List the prime factors of 1323.
3, 7
What are the prime factors of 3134?
2, 1567
List the prime factors of 5055.
3, 5, 337
What are the prime factors of 174?
2, 3, 29
List the prime factors of 1378.
2, 13, 53
List the prime factors of 4267.
17, 251
List the prime factors of 2759.
31, 89
List the prime factors of 1049.
1049
List the prime factors of 1239.
3, 7, 59
What are the prime factors of 96226?
2, 13, 3701
List the prime factors of 4542.
2, 3, 757
What are the prime factors of 440?
2, 5, 11
List the prime factors of 103548.
2, 3, 8629
What are the pr